{"id":66,"date":"2019-10-08T12:54:41","date_gmt":"2019-10-08T15:54:41","guid":{"rendered":"http:\/\/www.auapsi.edu.ar\/?page_id=66"},"modified":"2022-08-29T09:58:36","modified_gmt":"2022-08-29T12:58:36","slug":"autoridades","status":"publish","type":"page","link":"https:\/\/www.auapsi.edu.ar\/?page_id=66","title":{"rendered":"Autoridades"},"content":{"rendered":"\n<p><br><strong>Presidenta<\/strong> Ps. Soledad Cottone &#8211; <a rel=\"noreferrer noopener\" href=\"mailto:decanato-psi@unr.edu.ar\" target=\"_blank\">decanato-psi@unr.edu.ar<\/a><br><strong>Decana de la Facultad Psicolog\u00eda<\/strong><br>Universidad Nacional de Rosario<\/p>\n\n\n\n<p><strong>Vicepresidente<\/strong> Lic. Germ\u00e1n Pereno<br><strong>Decano de la Facultad de Psicolog\u00eda<\/strong><br>Universidad Nacional de C\u00f3rdoba<\/p>\n\n\n\n<p>Prof. Lic. Jorge Biglieri &#8211; <a href=\"mailto:decano@psi.uba.ar\" target=\"_blank\" rel=\"noreferrer noopener\">decano@psi.uba.ar<\/a><br><strong>Decano de la Facultad Psicolog\u00eda<\/strong><br>Universidad de Buenos Aires<\/p>\n\n\n\n<p>Lic. Juan Pablo Issel &#8211; <a rel=\"noreferrer noopener\" href=\"mailto:psico@mdp.edu.ar\" target=\"_blank\">psico@mdp.edu.ar<\/a><br><strong>Decano de la Facultad Psicolog\u00eda<\/strong><br>Universidad Nacional de Mar del Plata<\/p>\n\n\n\n<p>Lic. Mar\u00eda Cristina Piro &#8211; <a rel=\"noreferrer noopener\" href=\"mailto:decanato@psico.unlp.edu.ar\" target=\"_blank\">decanato@psico.unlp.edu.ar<\/a><br><strong>Decana de la Facultad Psicolog\u00eda<\/strong><br>Universidad Nacional de La Plata<\/p>\n\n\n\n<p>Magister Silvia L\u00f3pez de Mart\u00edn<br><strong>Decana de la Facultad Psicolog\u00eda<\/strong><br>Universidad Nacional de Tucum\u00e1n<\/p>\n\n\n\n<p>Magister Mar\u00eda Claudia Brusasca \u2013 <a href=\"mailto:brusasca@unsl.edu.ar\" target=\"_blank\" rel=\"noreferrer noopener\">brusasca@unsl.edu.ar<\/a> \/ <a href=\"mailto:cbrusasca@gmail.com\" target=\"_blank\" rel=\"noreferrer noopener\">cbrusasca@gmail.com<\/a><br><strong>Decana de la Facultad Psicolog\u00eda<\/strong><br>Universidad Nacional de San Luis<\/p>\n\n\n\n<p>Mg. Claudio Mart\u00ednez &#8211; <a href=\"mailto:decanato@face.uncoma.edu.ar\" target=\"_blank\" rel=\"noreferrer noopener\">decanato@face.uncoma.edu.ar<\/a><br><strong>Vicedecano de la Facultad de Ciencias de la Educaci\u00f3n<\/strong><br>Universidad Nacional del Comahue<\/p>\n\n\n\n<p>Mg. Mar\u00eda Gracia Benedetti &#8211; <a rel=\"noreferrer noopener\" href=\"mailto:decanato@fhaycs.uader.edu.ar\" target=\"_blank\">decanato@fhaycs.uader.edu.ar<\/a><br><strong>Decana de la Facultad de Psicolog\u00eda<\/strong> Facultad de Humanidades, Artes y Ciencias Sociales Universidad Aut\u00f3noma de Entre R\u00edos<\/p>\n\n\n\n<p>Mg. Enrico Irraz\u00e1bal Juanicotenea &#8211; <a href=\"mailto:eirrazabal@psico.edu.uy\" target=\"_blank\" rel=\"noreferrer noopener\">eirrazabal@psico.edu.uy<\/a><br><strong>Decano de la Facultad Psicolog\u00eda<\/strong><br>Universidad Rep\u00fablica de Uruguay<\/p>\n","protected":false},"excerpt":{"rendered":"<p>Presidenta Ps. Soledad Cottone &#8211; decanato-psi@unr.edu.arDecana de la Facultad Psicolog\u00edaUniversidad Nacional de Rosario Vicepresidente Lic. Germ\u00e1n PerenoDecano de la Facultad de Psicolog\u00edaUniversidad Nacional de C\u00f3rdoba Prof. Lic. Jorge Biglieri &#8211; decano@psi.uba.arDecano de la Facultad Psicolog\u00edaUniversidad de Buenos Aires Lic. Juan Pablo Issel &#8211; psico@mdp.edu.arDecano de la Facultad Psicolog\u00edaUniversidad Nacional de Mar del Plata Lic. Mar\u00eda &hellip; <\/p>\n<p class=\"link-more\"><a href=\"https:\/\/www.auapsi.edu.ar\/?page_id=66\" class=\"more-link\">Segu\u00ed leyendo<span class=\"screen-reader-text\"> &#8220;Autoridades&#8221;<\/span><\/a><\/p>\n","protected":false},"author":1,"featured_media":0,"parent":0,"menu_order":0,"comment_status":"closed","ping_status":"closed","template":"","meta":{"footnotes":""},"class_list":["post-66","page","type-page","status-publish","hentry"],"_links":{"self":[{"href":"https:\/\/www.auapsi.edu.ar\/index.php?rest_route=\/wp\/v2\/pages\/66","targetHints":{"allow":["GET"]}}],"collection":[{"href":"https:\/\/www.auapsi.edu.ar\/index.php?rest_route=\/wp\/v2\/pages"}],"about":[{"href":"https:\/\/www.auapsi.edu.ar\/index.php?rest_route=\/wp\/v2\/types\/page"}],"author":[{"embeddable":true,"href":"https:\/\/www.auapsi.edu.ar\/index.php?rest_route=\/wp\/v2\/users\/1"}],"replies":[{"embeddable":true,"href":"https:\/\/www.auapsi.edu.ar\/index.php?rest_route=%2Fwp%2Fv2%2Fcomments&post=66"}],"version-history":[{"count":5,"href":"https:\/\/www.auapsi.edu.ar\/index.php?rest_route=\/wp\/v2\/pages\/66\/revisions"}],"predecessor-version":[{"id":360,"href":"https:\/\/www.auapsi.edu.ar\/index.php?rest_route=\/wp\/v2\/pages\/66\/revisions\/360"}],"wp:attachment":[{"href":"https:\/\/www.auapsi.edu.ar\/index.php?rest_route=%2Fwp%2Fv2%2Fmedia&parent=66"}],"curies":[{"name":"wp","href":"https:\/\/api.w.org\/{rel}","templated":true}]}}