{"id":40,"date":"2019-10-08T09:51:24","date_gmt":"2019-10-08T12:51:24","guid":{"rendered":"http:\/\/www.auapsi.edu.ar\/?page_id=40"},"modified":"2020-04-22T01:24:43","modified_gmt":"2020-04-22T04:24:43","slug":"historia","status":"publish","type":"page","link":"https:\/\/www.auapsi.edu.ar\/?page_id=40","title":{"rendered":"Historia"},"content":{"rendered":"\n<p>Esta <em>Asociaci\u00f3n<\/em> naci\u00f3 en la reuni\u00f3n de directivos de carreras de psicolog\u00eda de las universidades nacionales argentinas, realizada el <em>3 y 4 de junio de 1991 en la ciudad de C\u00f3rdoba<\/em>.<\/p>\n\n\n\n<p>Con la representaci\u00f3n de <em>siete unidades acad\u00e9micas (Facultad de Psicolog\u00eda de la Universidad de Buenos Aires, Escuela de Psicolog\u00eda de la Universidad Nacional de C\u00f3rdoba, Departamento de Psicolog\u00eda de la Universidad Nacional de La Plata, Escuela de Psicolog\u00eda de la Universidad Nacional de Mar del Plata, Departamento de Psicolog\u00eda de la Universidad Nacional de San Luis y Escuela de Psicolog\u00eda de la Universidad Nacional de Tucum\u00e1n)<\/em>, se decidi\u00f3, como consta en el acta de la reuni\u00f3n, <strong>\u201cimpulsar la constituci\u00f3n de un ente que agrupe institucionalmente a los departamentos, escuelas y facultades de psicolog\u00eda de las universidades estatales\u201d<\/strong>.<\/p>\n\n\n\n<p>El tema convocante de la <em>reuni\u00f3n de C\u00f3rdoba<\/em> fue la <em>\u201cjerarquizaci\u00f3n de la carrera de Psicolog\u00eda\u201d<\/em>. Otros \u00edtems considerados en esa ocasi\u00f3n refirieron a la revisi\u00f3n curricular, a la inserci\u00f3n institucional y al an\u00e1lisis de la gesti\u00f3n acad\u00e9mica y administrativa de las distintas casas de estudio.<\/p>\n\n\n\n<p>En la <em>reuni\u00f3n del 15 de agosto de 1991<\/em>, efectuada en la ciudad de Rosario, con representaci\u00f3n de las mismas unidades acad\u00e9micas, se aprobaron la creaci\u00f3n de la <strong>Asociaci\u00f3n de Unidades Acad\u00e9micas de Psicolog\u00eda (AUAPsi)<\/strong> y sus Estatutos. Los fines establecidos para el nuevo organismo fueron, entre otros, <em>\u201c\u2026promover la interrelaci\u00f3n entre las distintas unidades acad\u00e9micas de psicolog\u00eda del pa\u00eds, con el objetivo permanente de mejorar la formaci\u00f3n de grado y posgrado, la investigaci\u00f3n y la extensi\u00f3n universitaria\u201d<\/em>.<\/p>\n\n\n\n<p>De las <em>funciones enunciadas en su Estatuto<\/em>, fueron preocupaciones constantes de AUAPsi, como reflejan las Actas de las distintas reuniones, <em>\u201cpropender al logro de objetivos comunes en cuanto al perfil del graduado, su curr\u00edculum y grado acad\u00e9mico, acorde con las necesidades nacionales y regionales y con los desarrollos actuales de la Psicolog\u00eda en el mundo\u201d<\/em> (punto a), y <em>\u201cpropender a la homogeneidad de los contenidos curriculares y de los t\u00edtulos y grados acad\u00e9micos otorgados\u201d<\/em> (punto i).<\/p>\n\n\n\n<p>En <em>Mar del Plata, el 8 de noviembre de 1991<\/em>, luego de aprobarse la correspondiente <em>modificaci\u00f3n del Estatuto<\/em>, se acept\u00f3 la <em>inclusi\u00f3n, como miembro pleno de AUAPsi, de la Carrera de Psicolog\u00eda de la Universidad de la Rep\u00fablica del Uruguay (IPUR<\/em>).<\/p>\n\n\n\n<p>En la <em>reuni\u00f3n plenaria de agosto de 1995, en la ciudad de San Luis<\/em>, se declar\u00f3 la necesidad de contar con estudios sistem\u00e1ticos sobre los planes de estudio, los recursos docentes y las actividades de investigaci\u00f3n. En <em>octubre de ese a\u00f1o, en la reuni\u00f3n de Buenos Aires, se estudi\u00f3 la factibilidad de realizar un proyecto conjunto para el mejoramiento de la calidad de la ense\u00f1anza en psicolog\u00eda en toda la regi\u00f3n<\/em>. Con ese prop\u00f3sito se acord\u00f3 adoptar una estructura en red, que posibilitara su realizaci\u00f3n, incluyendo la gesti\u00f3n de los recursos necesarios para su financiamiento. El <em>dise\u00f1o del proyecto<\/em>, en el que intervinieron todas las unidades acad\u00e9micas integrantes de AUAPsi, se elabor\u00f3 en las reuniones efectuadas durante el a\u00f1o <em>1996, los d\u00edas 12 y 13 de abril, en la ciudad de Rosario; 14 y 15 de junio, en la ciudad de C\u00f3rdoba y 11 de octubre, en la ciudad de San Luis<\/em>.<\/p>\n\n\n\n<p>La definici\u00f3n del proyecto implic\u00f3 un arduo trabajo de articulaci\u00f3n y un esfuerzo adicional de las unidades acad\u00e9micas, que debieron afrontar las dificultades propias del escaso desarrollo de sus sistemas administrativos y de sus limitados recursos econ\u00f3micos, entre otras cuestiones. Se solicit\u00f3 financiamiento al <em>Fondo de Mejoramiento de la Calidad de la Ense\u00f1anza (FOMEC)<\/em>, que fue otorgado. La implementaci\u00f3n del proyecto, en la que participaron todas las unidades acad\u00e9micas, comenz\u00f3 en el a\u00f1o 1997.<\/p>\n","protected":false},"excerpt":{"rendered":"<p>Esta Asociaci\u00f3n naci\u00f3 en la reuni\u00f3n de directivos de carreras de psicolog\u00eda de las universidades nacionales argentinas, realizada el 3 y 4 de junio de 1991 en la ciudad de C\u00f3rdoba. Con la representaci\u00f3n de siete unidades acad\u00e9micas (Facultad de Psicolog\u00eda de la Universidad de Buenos Aires, Escuela de Psicolog\u00eda de la Universidad Nacional de &hellip; <\/p>\n<p class=\"link-more\"><a href=\"https:\/\/www.auapsi.edu.ar\/?page_id=40\" class=\"more-link\">Segu\u00ed leyendo<span class=\"screen-reader-text\"> &#8220;Historia&#8221;<\/span><\/a><\/p>\n","protected":false},"author":1,"featured_media":0,"parent":0,"menu_order":0,"comment_status":"closed","ping_status":"closed","template":"","meta":{"footnotes":""},"class_list":["post-40","page","type-page","status-publish","hentry"],"_links":{"self":[{"href":"https:\/\/www.auapsi.edu.ar\/index.php?rest_route=\/wp\/v2\/pages\/40","targetHints":{"allow":["GET"]}}],"collection":[{"href":"https:\/\/www.auapsi.edu.ar\/index.php?rest_route=\/wp\/v2\/pages"}],"about":[{"href":"https:\/\/www.auapsi.edu.ar\/index.php?rest_route=\/wp\/v2\/types\/page"}],"author":[{"embeddable":true,"href":"https:\/\/www.auapsi.edu.ar\/index.php?rest_route=\/wp\/v2\/users\/1"}],"replies":[{"embeddable":true,"href":"https:\/\/www.auapsi.edu.ar\/index.php?rest_route=%2Fwp%2Fv2%2Fcomments&post=40"}],"version-history":[{"count":2,"href":"https:\/\/www.auapsi.edu.ar\/index.php?rest_route=\/wp\/v2\/pages\/40\/revisions"}],"predecessor-version":[{"id":219,"href":"https:\/\/www.auapsi.edu.ar\/index.php?rest_route=\/wp\/v2\/pages\/40\/revisions\/219"}],"wp:attachment":[{"href":"https:\/\/www.auapsi.edu.ar\/index.php?rest_route=%2Fwp%2Fv2%2Fmedia&parent=40"}],"curies":[{"name":"wp","href":"https:\/\/api.w.org\/{rel}","templated":true}]}}