{"id":264,"date":"2020-10-07T11:34:33","date_gmt":"2020-10-07T14:34:33","guid":{"rendered":"http:\/\/www.auapsi.edu.ar\/?page_id=264"},"modified":"2023-07-11T11:29:12","modified_gmt":"2023-07-11T14:29:12","slug":"actividad-dia-8-de-octubre-9-horas","status":"publish","type":"page","link":"https:\/\/www.auapsi.edu.ar\/","title":{"rendered":""},"content":{"rendered":"\n<div class=\"wp-block-query is-layout-flow wp-block-query-is-layout-flow\"><ul class=\"wp-block-post-template is-layout-flow wp-block-post-template-is-layout-flow\"><li class=\"wp-block-post post-411 post type-post status-publish format-standard has-post-thumbnail hentry category-sin-categoria\">\n<h2 class=\"wp-block-post-title\"><a href=\"https:\/\/www.auapsi.edu.ar\/?p=411\" target=\"_self\" >Adhesi\u00f3n al comunicado emitido por el Consejo Interuniversitario Nacional (CIN)<\/a><\/h2>\n\n<figure class=\"alignwide wp-block-post-featured-image\"><a href=\"https:\/\/www.auapsi.edu.ar\/?p=411\" target=\"_self\"  ><img loading=\"lazy\" decoding=\"async\" width=\"1080\" height=\"1080\" src=\"https:\/\/www.auapsi.edu.ar\/wp-content\/uploads\/2024\/05\/Comunicado-emitido-por-el-CIN.jpeg\" class=\"attachment-post-thumbnail size-post-thumbnail wp-post-image\" alt=\"Adhesi\u00f3n al comunicado emitido por el Consejo Interuniversitario Nacional (CIN)\" style=\"object-fit:cover;\" srcset=\"https:\/\/www.auapsi.edu.ar\/wp-content\/uploads\/2024\/05\/Comunicado-emitido-por-el-CIN.jpeg 1080w, https:\/\/www.auapsi.edu.ar\/wp-content\/uploads\/2024\/05\/Comunicado-emitido-por-el-CIN-300x300.jpeg 300w, https:\/\/www.auapsi.edu.ar\/wp-content\/uploads\/2024\/05\/Comunicado-emitido-por-el-CIN-1024x1024.jpeg 1024w, https:\/\/www.auapsi.edu.ar\/wp-content\/uploads\/2024\/05\/Comunicado-emitido-por-el-CIN-150x150.jpeg 150w, https:\/\/www.auapsi.edu.ar\/wp-content\/uploads\/2024\/05\/Comunicado-emitido-por-el-CIN-768x768.jpeg 768w, https:\/\/www.auapsi.edu.ar\/wp-content\/uploads\/2024\/05\/Comunicado-emitido-por-el-CIN-100x100.jpeg 100w\" sizes=\"auto, 100vw\" \/><\/a><\/figure>\n\n<div class=\"wp-block-post-excerpt\"><p class=\"wp-block-post-excerpt__excerpt\">Las carreras de Psicolog\u00eda de gesti\u00f3n p\u00fablica reunidas en AUAPsi adhieren al comunicado emitido por el Consejo Interuniversitario Nacional (CIN) el d\u00eda 15 de mayo de 2024, y ratifican el pedido de respuesta urgente a la situaci\u00f3n de emergencia presupuestaria que atraviesa la totalidad del sistema universitario y cient\u00edfico nacional. <\/p><\/div>\n\n\n<hr class=\"wp-block-separator has-css-opacity\"\/>\n\n\n<div class=\"wp-block-post-date\"><time datetime=\"2024-05-31T08:08:38-03:00\">31 mayo, 2024<\/time><\/div>\n<\/li><li class=\"wp-block-post post-407 post type-post status-publish format-standard has-post-thumbnail hentry category-sin-categoria\">\n<h2 class=\"wp-block-post-title\"><a href=\"https:\/\/www.auapsi.edu.ar\/?p=407\" target=\"_self\" >Reuni\u00f3n de la Asociaci\u00f3n de Unidades Acad\u00e9micas de Psicolog\u00eda (AUAPsi)<\/a><\/h2>\n\n<figure class=\"alignwide wp-block-post-featured-image\"><a href=\"https:\/\/www.auapsi.edu.ar\/?p=407\" target=\"_self\"  ><img loading=\"lazy\" decoding=\"async\" width=\"1024\" height=\"768\" src=\"https:\/\/www.auapsi.edu.ar\/wp-content\/uploads\/2023\/08\/WhatsApp-Image-2023-08-17-at-13.38.03.jpeg\" class=\"attachment-post-thumbnail size-post-thumbnail wp-post-image\" alt=\"Reuni\u00f3n de la Asociaci\u00f3n de Unidades Acad\u00e9micas de Psicolog\u00eda (AUAPsi)\" style=\"object-fit:cover;\" srcset=\"https:\/\/www.auapsi.edu.ar\/wp-content\/uploads\/2023\/08\/WhatsApp-Image-2023-08-17-at-13.38.03.jpeg 1024w, https:\/\/www.auapsi.edu.ar\/wp-content\/uploads\/2023\/08\/WhatsApp-Image-2023-08-17-at-13.38.03-300x225.jpeg 300w, https:\/\/www.auapsi.edu.ar\/wp-content\/uploads\/2023\/08\/WhatsApp-Image-2023-08-17-at-13.38.03-768x576.jpeg 768w\" sizes=\"auto, 100vw\" \/><\/a><\/figure>\n\n<div class=\"wp-block-post-excerpt\"><p class=\"wp-block-post-excerpt__excerpt\">En el d\u00eda de ayer, jueves 17 de agosto, se realiz\u00f3 una nueva reuni\u00f3n de la Asociaci\u00f3n de Unidades Acad\u00e9micas de Psicolog\u00eda (AUAPsi) en la Facultad de Psicolog\u00eda de la Universidad Nacional de Buenos Aires. En esta reuni\u00f3n en particular se estuvo trabajando, entre otros puntos, los est\u00e1ndares de calidad que ser\u00e1n presentados en el&hellip; <\/p><\/div>\n\n\n<hr class=\"wp-block-separator has-css-opacity\"\/>\n\n\n<div class=\"wp-block-post-date\"><time datetime=\"2023-08-18T11:50:25-03:00\">18 agosto, 2023<\/time><\/div>\n<\/li><li class=\"wp-block-post post-400 post type-post status-publish format-standard has-post-thumbnail hentry category-sin-categoria\">\n<h2 class=\"wp-block-post-title\"><a href=\"https:\/\/www.auapsi.edu.ar\/?p=400\" target=\"_self\" >Adhesi\u00f3n a la declaraci\u00f3n emitida por el CIN sobre los hecho ocurridos en la Provincia de Jujuy<\/a><\/h2>\n\n<figure class=\"alignwide wp-block-post-featured-image\"><a href=\"https:\/\/www.auapsi.edu.ar\/?p=400\" target=\"_self\"  ><img loading=\"lazy\" decoding=\"async\" width=\"1080\" height=\"1350\" src=\"https:\/\/www.auapsi.edu.ar\/wp-content\/uploads\/2023\/07\/WhatsApp-Image-2023-07-14-at-09.51.21.jpeg\" class=\"attachment-post-thumbnail size-post-thumbnail wp-post-image\" alt=\"Adhesi\u00f3n a la declaraci\u00f3n emitida por el CIN sobre los hecho ocurridos en la Provincia de Jujuy\" style=\"object-fit:cover;\" srcset=\"https:\/\/www.auapsi.edu.ar\/wp-content\/uploads\/2023\/07\/WhatsApp-Image-2023-07-14-at-09.51.21.jpeg 1080w, https:\/\/www.auapsi.edu.ar\/wp-content\/uploads\/2023\/07\/WhatsApp-Image-2023-07-14-at-09.51.21-240x300.jpeg 240w, https:\/\/www.auapsi.edu.ar\/wp-content\/uploads\/2023\/07\/WhatsApp-Image-2023-07-14-at-09.51.21-819x1024.jpeg 819w, https:\/\/www.auapsi.edu.ar\/wp-content\/uploads\/2023\/07\/WhatsApp-Image-2023-07-14-at-09.51.21-768x960.jpeg 768w\" sizes=\"auto, 100vw\" \/><\/a><\/figure>\n\n<div class=\"wp-block-post-excerpt\"><p class=\"wp-block-post-excerpt__excerpt\">Las siguientes Facultades y Carreras de Psicolog\u00eda, miembros de la Asociaci\u00f3n de Unidades Acad\u00e9micas de Psicolog\u00eda gesti\u00f3n p\u00fablica (AUAPsi), adhieren y hacen propia la declaraci\u00f3n del sistema universitario emitida por el Consejo Interuniversitario Nacional (CIN) sobre los hechos ocurridos en la provincia de Jujuy que avasallan a las instituciones universitarias de nuestro pa\u00eds. Facultad de&hellip; <\/p><\/div>\n\n\n<hr class=\"wp-block-separator has-css-opacity\"\/>\n\n\n<div class=\"wp-block-post-date\"><time datetime=\"2023-07-14T08:34:21-03:00\">14 julio, 2023<\/time><\/div>\n<\/li><li class=\"wp-block-post post-393 post type-post status-publish format-standard hentry category-sin-categoria\">\n<h2 class=\"wp-block-post-title\"><a href=\"https:\/\/www.auapsi.edu.ar\/?p=393\" target=\"_self\" >Invitaci\u00f3n al VIII Congreso Internacional de Psicolog\u00eda del Tucum\u00e1n<\/a><\/h2>\n\n\n\n<div class=\"wp-block-post-excerpt\"><p class=\"wp-block-post-excerpt__excerpt\">La Decana de la Facultad de Psicolog\u00eda de la UNT, Mg. Silvia L\u00f3pez de Mart\u00edn, los invita a participar del VIII Congreso Internacional de Psicolog\u00eda del Tucum\u00e1n. El mismo se llevar\u00e1 a cabo los d\u00edas 5, 6 y 7 de Octubre. Tambi\u00e9n comenta que en el encuentro se realizar\u00e1 una reuni\u00f3n de AUAPsi (Asociaci\u00f3n de&hellip; <\/p><\/div>\n\n\n<hr class=\"wp-block-separator has-css-opacity\"\/>\n\n\n<div class=\"wp-block-post-date\"><time datetime=\"2023-07-11T11:22:22-03:00\">11 julio, 2023<\/time><\/div>\n<\/li><li class=\"wp-block-post post-390 post type-post status-publish format-standard hentry category-sin-categoria\">\n<h2 class=\"wp-block-post-title\"><a href=\"https:\/\/www.auapsi.edu.ar\/?p=390\" target=\"_self\" >Reuni\u00f3n de la Asociaci\u00f3n de Unidades Acad\u00e9micas de Psicolog\u00eda (AUAPsi)<\/a><\/h2>\n\n\n\n<div class=\"wp-block-post-excerpt\"><p class=\"wp-block-post-excerpt__excerpt\">A principios de junio particip\u00e9 presidiendo junto a Decanas y Decanos de todo el pa\u00eds de la reuni\u00f3n de la Asociaci\u00f3n de Unidades Acad\u00e9micas de Psicolog\u00eda (AUAPsi) en el marco del 3er Congreso Nacional de Psicolog\u00eda en San Luis. En donde tambi\u00e9n se desarroll\u00f3 el \u201c1\u00b0 Congreso Internacional de Psicolog\u00eda\u201d, el \u201c1\u00b0 Encuentro de Psicomotricistas&hellip; <\/p><\/div>\n\n\n<hr class=\"wp-block-separator has-css-opacity\"\/>\n\n\n<div class=\"wp-block-post-date\"><time datetime=\"2023-07-11T10:12:31-03:00\">11 julio, 2023<\/time><\/div>\n<\/li><\/ul><\/div>\n","protected":false},"excerpt":{"rendered":"","protected":false},"author":1,"featured_media":0,"parent":0,"menu_order":0,"comment_status":"closed","ping_status":"closed","template":"","meta":{"footnotes":""},"class_list":["post-264","page","type-page","status-publish","hentry"],"_links":{"self":[{"href":"https:\/\/www.auapsi.edu.ar\/index.php?rest_route=\/wp\/v2\/pages\/264","targetHints":{"allow":["GET"]}}],"collection":[{"href":"https:\/\/www.auapsi.edu.ar\/index.php?rest_route=\/wp\/v2\/pages"}],"about":[{"href":"https:\/\/www.auapsi.edu.ar\/index.php?rest_route=\/wp\/v2\/types\/page"}],"author":[{"embeddable":true,"href":"https:\/\/www.auapsi.edu.ar\/index.php?rest_route=\/wp\/v2\/users\/1"}],"replies":[{"embeddable":true,"href":"https:\/\/www.auapsi.edu.ar\/index.php?rest_route=%2Fwp%2Fv2%2Fcomments&post=264"}],"version-history":[{"count":22,"href":"https:\/\/www.auapsi.edu.ar\/index.php?rest_route=\/wp\/v2\/pages\/264\/revisions"}],"predecessor-version":[{"id":399,"href":"https:\/\/www.auapsi.edu.ar\/index.php?rest_route=\/wp\/v2\/pages\/264\/revisions\/399"}],"wp:attachment":[{"href":"https:\/\/www.auapsi.edu.ar\/index.php?rest_route=%2Fwp%2Fv2%2Fmedia&parent=264"}],"curies":[{"name":"wp","href":"https:\/\/api.w.org\/{rel}","templated":true}]}}